{"id":39,"date":"2010-09-17T08:26:50","date_gmt":"2010-09-17T08:26:50","guid":{"rendered":"http:\/\/localhost\/wordpress\/?page_id=39"},"modified":"2012-10-29T16:59:11","modified_gmt":"2012-10-29T20:59:11","slug":"educadores","status":"publish","type":"page","link":"https:\/\/lajuventudhabla.com\/?page_id=39","title":{"rendered":"Educadores"},"content":{"rendered":"<p>Le invitamos a que promueva el an\u00e1lisis y la opini\u00f3n entre sus <a href=\"http:\/\/www.estudiantes.info\/\" target=\"_blank\">estudiantes<\/a>.<\/p>\n<p>A continuaci\u00f3n\u00a0 puede descargar los materiales necesarios para que participen una vez m\u00e1s del<strong> Foro de Opini\u00f3n sobre los Temas Apremiantes para la Juventud<\/strong>.<\/p>\n<p><a href=\"http:\/\/lajuventudhabla.com\/Printables\/RegistrationForm.pdf\" target=\"_blank\">Hoja de inscripci\u00f3n<\/a><br \/>\n<a href=\"http:\/\/lajuventudhabla.com\/Printables\/Reporting_Sheet.xls\" target=\"_blank\">Formulario para informe<\/a><br \/>\n<a href=\"http:\/\/lajuventudhabla.com\/Printables\/Printable.pdf\" target=\"_blank\">Paquete con toda la informaci\u00f3n necesaria<br \/>\n<\/a><\/p>\n<p><strong>El Foro de Opini\u00f3n sobre los Temas Apremiantes para la Juventud<\/strong> contiene 5 preguntas que emanan del Grupo Focal de Justicia Juvenil y Prevenci\u00f3n de la Delincuencia.<\/p>\n<p>Las otras 7 preguntas son de temas corrientes en el pa\u00eds como crimen, econom\u00eda, educaci\u00f3n, familia, ambiente y estatus pol\u00edtico. El resultado de este Foro de Opini\u00f3n se di\u00f3 a conocer a las principales autoridades del pa\u00eds durante la<strong> Primera Cumbre de Justicia Juvenil de Puerto Rico <\/strong>, para que sean consideradas las opiniones, expresiones y voz de los j\u00f3venes al formular la pol\u00edtica p\u00fablica.<\/p>\n<p>Exhorte a todos los j\u00f3venes que conozca a que participen, ya sea votando \u2018online\u2019\u00a0 o imprimiendo las papeletas y reportando los resultados. El proceso sigue siendo totalmente an\u00f3nimo y gratis.<\/p>\n<p>Son ustedes la m\u00e1s pura semilla que germina para traer esperanza a un gran pueblo, nuestro Puerto Rico. Es el deber de cada generaci\u00f3n proteger, enriquecer y fortalecer la democracia para s\u00ed y futuras generaciones.<\/p>\n","protected":false},"excerpt":{"rendered":"<p>Le invitamos a que promueva el an\u00e1lisis y la opini\u00f3n entre sus estudiantes. A continuaci\u00f3n\u00a0 puede descargar los materiales necesarios para que participen una vez m\u00e1s del Foro de Opini\u00f3n sobre los Temas Apremiantes para la Juventud. Hoja de inscripci\u00f3n Formulario para informe Paquete con toda la informaci\u00f3n necesaria El Foro de Opini\u00f3n sobre los [&hellip;]<\/p>\n","protected":false},"author":1,"featured_media":0,"parent":0,"menu_order":0,"comment_status":"open","ping_status":"open","template":"","meta":{"footnotes":""},"class_list":["post-39","page","type-page","status-publish","hentry"],"_links":{"self":[{"href":"https:\/\/lajuventudhabla.com\/index.php?rest_route=\/wp\/v2\/pages\/39"}],"collection":[{"href":"https:\/\/lajuventudhabla.com\/index.php?rest_route=\/wp\/v2\/pages"}],"about":[{"href":"https:\/\/lajuventudhabla.com\/index.php?rest_route=\/wp\/v2\/types\/page"}],"author":[{"embeddable":true,"href":"https:\/\/lajuventudhabla.com\/index.php?rest_route=\/wp\/v2\/users\/1"}],"replies":[{"embeddable":true,"href":"https:\/\/lajuventudhabla.com\/index.php?rest_route=%2Fwp%2Fv2%2Fcomments&post=39"}],"version-history":[{"count":11,"href":"https:\/\/lajuventudhabla.com\/index.php?rest_route=\/wp\/v2\/pages\/39\/revisions"}],"predecessor-version":[{"id":231,"href":"https:\/\/lajuventudhabla.com\/index.php?rest_route=\/wp\/v2\/pages\/39\/revisions\/231"}],"wp:attachment":[{"href":"https:\/\/lajuventudhabla.com\/index.php?rest_route=%2Fwp%2Fv2%2Fmedia&parent=39"}],"curies":[{"name":"wp","href":"https:\/\/api.w.org\/{rel}","templated":true}]}}

<p>Le invitamos a que promueva el análisis y la opinión entre sus <a href="http://www.estudiantes.info/" target="_blank">estudiantes</a>.</p>
<p>A continuación  puede descargar los materiales necesarios para que participen una vez más del<strong> Foro de Opinión sobre los Temas Apremiantes para la Juventud</strong>.</p>
<p><a href="http://lajuventudhabla.com/Printables/RegistrationForm.pdf" target="_blank">Hoja de inscripción</a><br />
<a href="http://lajuventudhabla.com/Printables/Reporting_Sheet.xls" target="_blank">Formulario para informe</a><br />
<a href="http://lajuventudhabla.com/Printables/Printable.pdf" target="_blank">Paquete con toda la información necesaria<br />
</a></p>
<p><strong>El Foro de Opinión sobre los Temas Apremiantes para la Juventud</strong> contiene 5 preguntas que emanan del Grupo Focal de Justicia Juvenil y Prevención de la Delincuencia.</p>
<p>Las otras 7 preguntas son de temas corrientes en el país como crimen, economía, educación, familia, ambiente y estatus político. El resultado de este Foro de Opinión se dió a conocer a las principales autoridades del país durante la<strong> Primera Cumbre de Justicia Juvenil de Puerto Rico </strong>, para que sean consideradas las opiniones, expresiones y voz de los jóvenes al formular la política pública.</p>
<p>Exhorte a todos los jóvenes que conozca a que participen, ya sea votando ‘online’  o imprimiendo las papeletas y reportando los resultados. El proceso sigue siendo totalmente anónimo y gratis.</p>
<p>Son ustedes la más pura semilla que germina para traer esperanza a un gran pueblo, nuestro Puerto Rico. Es el deber de cada generación proteger, enriquecer y fortalecer la democracia para sí y futuras generaciones.</p>

<p>Le invitamos a que promueva el análisis y la opinión entre sus estudiantes. A continuación  puede descargar los materiales necesarios para que participen una vez más del Foro de Opinión sobre los Temas Apremiantes para la Juventud. Hoja de inscripción Formulario para informe Paquete con toda la información necesaria El Foro de Opinión sobre los [&hellip;]</p>
