{"id":108,"date":"2010-09-17T01:38:23","date_gmt":"2010-09-17T01:38:23","guid":{"rendered":"http:\/\/localhost\/wordpress\/?page_id=2"},"modified":"2012-10-29T17:44:47","modified_gmt":"2012-10-29T21:44:47","slug":"about-2","status":"publish","type":"page","link":"https:\/\/lajuventudhabla.com\/?page_id=108","title":{"rendered":"\u00bfQui\u00e9nes Somos?"},"content":{"rendered":"<p><strong>lajuventudhabla.com<\/strong> es un proyecto del Instituto de Formaci\u00f3n Democr\u00e1tica (IFD).\u00a0 El IFD\u00a0 es una corporaci\u00f3n sin fines de lucro fundada por el legendario embajador y\u00a0 educador <a href=\"http:\/\/en.wikipedia.org\/wiki\/Ramon_Barquin\" target=\"_blank\">Col. Ram\u00f3n M. Barqu\u00edn<\/a> (Q.E.P.D.).<\/p>\n<p>Es adem\u00e1s filial de la <a href=\"http:\/\/www.nationalmockelection.org\/\" target=\"_blank\">National Student\/Parent Mock Election<\/a> (NSPME) y su representante en Am\u00e9rica Latina, el Caribe y las comunidades hispanas en los Estados Unidos.\u00a0 Tanro el IFD como\u00a0 la NSPME son instituciones sin\u00a0 fines de lucro, no partidistas, no sectarias al servicio de la sociedad democr\u00e1tica.<\/p>\n<p>Sus actividades se fijan en los\u00a0 escolares que a\u00fan no tienen la edad legal para participar en las elecciones oficiales.\u00a0 Estos programas centralizan sus\u00a0 esfuerzos en el proceso y no necesariamente en el resultado de las mismas, aunque en los \u00faltimos eventos electorales los simulacros han sido casi copia fiel y exacta de los resultados finales de las elecciones.<\/p>\n<p>La organizaci\u00f3n facilita informaci\u00f3n y materiales para que se creen elecciones simuladas en las escuelas y as\u00ed los estudiantes tengan una experiencia electoral real.<\/p>\n<p>La Junta de Directores de la National Student\/Parent Mock Election  (nuestra filial) est\u00e1 compuesta entre otros por los ex presidentes <a href=\"http:\/\/es.wikipedia.org\/wiki\/Jimmy_Carter\" target=\"_blank\">Jimmy  Carter<\/a> y<a href=\"http:\/\/es.wikipedia.org\/wiki\/Gerald_Ford\" target=\"_blank\"> Gerald Ford<\/a> (Q.E.P.D.), la ex Primera Dama y Senadora <a href=\"http:\/\/es.wikipedia.org\/wiki\/Hillary_Rodham_Clinton\" target=\"_blank\">Hillary Rodham Clinton<\/a>, congresistas,  senadores, gobernadores y embajadores, entre otros.\u00a0 El programa ha sido  p\u00fablicamente respaldado en Puerto Rico y los Estados Unidos por los  departamentos de Educaci\u00f3n, Justicia, Estado, Tesoro y Defensa, los  diferentes partidos pol\u00edticos, numerosas entidades magisteriales y  religiosas, las c\u00e1maras legislativas, la totalidad de las alcald\u00edas y  los pol\u00edticos del patio, as\u00ed como por todas las gobernaciones estatales  de la Uni\u00f3n.<\/p>\n<p>En Puerto Rico y las Islas V\u00edrgenes, sobre dos millones doscientos mil  estudiantes de ambos sistemas educativos han participado en nuestros  programas de formaci\u00f3n democr\u00e1tica, denominados \u201cMock Elections\u201d  (Simulacro Electoral), en cinco elecciones generales, tres refer\u00e9ndums y  dos plebiscitos de status.\u00a0 En 1996, m\u00e1s de 100,000 escolares  participaron en nuestro \u201cMock Election,\u201d con motivo de las elecciones  generales, y en el 2008 sobre 425,000.<\/p>\n<p><strong>Lajuventudhabla.com<\/strong> es la plataforma electr\u00f3nica para sondear la opini\u00f3n de los j\u00f3venes a partir del Foro de Opini\u00f3n sobre los Temas Apremiantes para la Juventud (<em>Youth Issues Forum<\/em>). Las escuelas\/estudiantes que prefieran responder el cuestionario de forma manual, <a href=\"http:\/\/lajuventudhabla.com\/?page_id=39\" target=\"_blank\">pueden descargarlo aqu\u00ed<\/a>.<\/p>\n<p>Este sondeo contiene\u00a0 5 preguntas que emanan del <strong>Grupo Focal de Justicia Juvenil y Prevenci\u00f3n de la Delincuencia<\/strong>.\u00a0 Las otras 7 preguntas son de temas de inter\u00e9s general\u00a0 en el Pa\u00eds como lo son el\u00a0 crimen, la econom\u00eda, la educaci\u00f3n, la familia, el ambiente y el estatus pol\u00edtico.<\/p>\n<p>El resultado de las opiniones recogidas en <strong>lajuventudhabla.com<\/strong> se\u00a0 di\u00f3 a conocer a las principales autoridades del pa\u00eds durante la Primera Cumbre de Justicia Juvenil de Puerto Rico.<\/p>\n<p>Este esfuerzo es para todos los estudiantes y ciudadanos que quieran participar.\u00a0 El proceso es totalmente an\u00f3nimo y gratis. Para m\u00e1s detalles, descarga el paquete de informaci\u00f3n en la secci\u00f3n de educadores.<\/p>\n<p>Les invitamos a que tambi\u00e9n visiten otras p\u00e1ginas de Internet que discuten los importantes temas relacionados:<\/p>\n<ul>\n<li><a href=\"www.youthissuesforum.com\" target=\"_blank\">www.youthissuesforum.com<\/a> &#8211; Foro de temas de discusi\u00f3n recurrente sobre temas nacionales<\/li>\n<li><a href=\"www.teenvoicesofamerica.com\" target=\"_blank\">www.teenvoicesofamerica.com<\/a> &#8211; Desarrolla tus destrezas como periodista ciudadano juvenil<\/li>\n<li><a href=\"www.informeddemocracy101.org \" target=\"_blank\">www.informeddemocracy101.org <\/a>&#8211; Aprende sobre la democracia<\/li>\n<li> <a href=\"www.nationalmockelection.com\" target=\"_blank\">www.nationalmockelection.com<\/a> &#8211; M\u00e1s sobre la democracia y\u00a0 la importancia capital del voto<\/li>\n<\/ul>\n<p>\u00danete a millones de j\u00f3venes como t\u00fa en Puerto Rico y\u00a0 todos los Estados Unidos interactuando con los principales lideres del pa\u00eds y expresando tu opini\u00f3n con sosiego, respecto, cortes\u00eda y decoro hacia tus conciudadanos y generaciones venideras y recordando los valores de igualdad, fraternidad y libertad que abrazaron los fundadores de los libertadores y padres de la Patria.<\/p>\n<p>Son ustedes la m\u00e1s pura semilla que germina para traer esperanza a un gran pueblo, nuestro Puerto Rico. Es el deber de cada generaci\u00f3n proteger, enriquecer y fortalecer la democracia para s\u00ed y futuras generaciones.<\/p>\n<p><strong>Invol\u00facrate\u00a0 y\u00a0 expr\u00e9sate. La juventud habla.<\/strong><\/p>\n<p><strong>Endosos: <\/strong><\/p>\n<p><a href=\"http:\/\/lajuventudhabla.com\/wp-content\/uploads\/2010\/09\/Camara.pdf\">C\u00e1mara de Representantes<\/a><br \/>\n<a href=\"http:\/\/lajuventudhabla.com\/wp-content\/uploads\/2010\/09\/Carta-Pierluisi-to-Ctizens-2012-Mock-Election.pdf\">Comisionado Residente <\/a><br \/>\n<a href=\"http:\/\/lajuventudhabla.com\/wp-content\/uploads\/2010\/09\/Mock-Carta-Secretario.pdf\">Departamento de Educaci\u00f3n <\/a><a href=\"http:\/\/lajuventudhabla.com\/wp-content\/uploads\/2010\/09\/Carta-Secretario-de-Estado-2012-Firmada.pdf\"><\/a><br \/>\n<a href=\"http:\/\/lajuventudhabla.com\/wp-content\/uploads\/2010\/09\/Carta-Secretario-de-Estado-2012-Firmada.pdf\">Departamento de Estado<\/a><br \/>\n<a href=\"http:\/\/lajuventudhabla.com\/wp-content\/uploads\/2010\/09\/Mock-Carta-Gobernador.pdf\">La Fortaleza<\/a><\/p>\n","protected":false},"excerpt":{"rendered":"<p>lajuventudhabla.com es un proyecto del Instituto de Formaci\u00f3n Democr\u00e1tica (IFD).\u00a0 El IFD\u00a0 es una corporaci\u00f3n sin fines de lucro fundada por el legendario embajador y\u00a0 educador Col. Ram\u00f3n M. Barqu\u00edn (Q.E.P.D.). Es adem\u00e1s filial de la National Student\/Parent Mock Election (NSPME) y su representante en Am\u00e9rica Latina, el Caribe y las comunidades hispanas en los [&hellip;]<\/p>\n","protected":false},"author":1,"featured_media":0,"parent":0,"menu_order":0,"comment_status":"open","ping_status":"open","template":"","meta":{"footnotes":""},"class_list":["post-108","page","type-page","status-publish","hentry"],"_links":{"self":[{"href":"https:\/\/lajuventudhabla.com\/index.php?rest_route=\/wp\/v2\/pages\/108"}],"collection":[{"href":"https:\/\/lajuventudhabla.com\/index.php?rest_route=\/wp\/v2\/pages"}],"about":[{"href":"https:\/\/lajuventudhabla.com\/index.php?rest_route=\/wp\/v2\/types\/page"}],"author":[{"embeddable":true,"href":"https:\/\/lajuventudhabla.com\/index.php?rest_route=\/wp\/v2\/users\/1"}],"replies":[{"embeddable":true,"href":"https:\/\/lajuventudhabla.com\/index.php?rest_route=%2Fwp%2Fv2%2Fcomments&post=108"}],"version-history":[{"count":26,"href":"https:\/\/lajuventudhabla.com\/index.php?rest_route=\/wp\/v2\/pages\/108\/revisions"}],"predecessor-version":[{"id":156,"href":"https:\/\/lajuventudhabla.com\/index.php?rest_route=\/wp\/v2\/pages\/108\/revisions\/156"}],"wp:attachment":[{"href":"https:\/\/lajuventudhabla.com\/index.php?rest_route=%2Fwp%2Fv2%2Fmedia&parent=108"}],"curies":[{"name":"wp","href":"https:\/\/api.w.org\/{rel}","templated":true}]}}